{"id":253,"date":"2024-01-17T15:43:54","date_gmt":"2024-01-17T14:43:54","guid":{"rendered":"http:\/\/errcojo.cluster029.hosting.ovh.net\/?page_id=253"},"modified":"2025-12-21T18:33:44","modified_gmt":"2025-12-21T17:33:44","slug":"presentation-de-latelier","status":"publish","type":"page","link":"https:\/\/www.atelier21peinture.fr\/","title":{"rendered":"Pr\u00e9sentation de l&rsquo;atelier"},"content":{"rendered":"\n<p><\/p>\n\n\n\n<p><\/p>\n\n\n\n<div class=\"wp-block-columns alignwide is-layout-flex wp-container-core-columns-is-layout-28f84493 wp-block-columns-is-layout-flex\">\n<div class=\"wp-block-column is-layout-flow wp-block-column-is-layout-flow\">\n<p>         <strong>Qui n\u2019a pas eu, une fois au moins, envie de reproduire par le dessin ou la peinture un paysage, un souvenir, une \u00e9motion&#8230; ou laisser libre cours \u00e0 son imagination. Pour beaucoup, prendre un crayon, un pinceau avec quelques couleurs, satisfaire cette envie, consiste depuis l&rsquo;enfance en un agr\u00e9able passe-temps.<\/strong><\/p>\n\n\n\n<p><strong>Mais est-ce juste cela ? Avec la peinture qu&rsquo;il \u00e9labore peu \u00e0 peu, le peintre, m\u00eame d\u00e9butant,<\/strong><\/p>\n<\/div>\n\n\n\n<div class=\"wp-block-column is-layout-flow wp-block-column-is-layout-flow\">\n<p><strong>exprime sa vision d&rsquo;un objet, son regard sur le monde qui l&rsquo;entoure et, que ce soit voulu ou inconscient, certaines de ses \u00e9motion<\/strong>s.<\/p>\n\n\n\n<p><strong>Par le truchement des traits et des couleurs, une relation avec celui qui regarde l&rsquo;oeuvre se construit, et&#8230; si la transmission des \u00e9motions a lieu, un certain  but est atteint et l\u00e0, la peinture devient alors une passion pour celui qui la pratique<\/strong>.<\/p>\n\n\n\n<p><\/p>\n<\/div>\n<\/div>\n\n\n\n<div class=\"wp-block-columns alignwide is-layout-flex wp-container-core-columns-is-layout-28f84493 wp-block-columns-is-layout-flex\">\n<div class=\"wp-block-column is-layout-flow wp-block-column-is-layout-flow\" style=\"flex-basis:100%\">\n<p class=\"has-text-align-left\"><strong>Sans aucune pr\u00e9tention Martine Mosnier et les quelques peintres amateurs qui l\u2019entourent vous invitent \u00e0 parcourir les pages de ce site et -pourqoi pas?- les rejoindre \u00e0 l&rsquo;Atelier 21 pour partager cette passion un petit moment<\/strong><\/p>\n<\/div>\n<\/div>\n\n\n\n<p><\/p>\n\n\n\n<div class=\"wp-block-columns alignwide is-layout-flex wp-container-core-columns-is-layout-28f84493 wp-block-columns-is-layout-flex\">\n<div class=\"wp-block-column is-layout-flow wp-block-column-is-layout-flow\" style=\"flex-basis:100%\">\n<p><strong>A l&rsquo;Atelier 21, on s&rsquo;applique&#8230;<\/strong><\/p>\n<\/div>\n<\/div>\n\n\n\n<div class=\"wp-block-columns alignwide is-layout-flex wp-container-core-columns-is-layout-28f84493 wp-block-columns-is-layout-flex\">\n<div class=\"wp-block-column is-layout-flow wp-block-column-is-layout-flow\">\n<figure class=\"wp-block-image size-large\"><img loading=\"lazy\" decoding=\"async\" width=\"1024\" height=\"774\" src=\"http:\/\/errcojo.cluster029.hosting.ovh.net\/wp-content\/uploads\/2024\/01\/0a46a0e1bc81a960d3f5aa4fd4566bbd-1024x774.jpg\" alt=\"\" class=\"wp-image-10\" srcset=\"https:\/\/www.atelier21peinture.fr\/wp-content\/uploads\/2024\/01\/0a46a0e1bc81a960d3f5aa4fd4566bbd-1024x774.jpg 1024w, https:\/\/www.atelier21peinture.fr\/wp-content\/uploads\/2024\/01\/0a46a0e1bc81a960d3f5aa4fd4566bbd-300x227.jpg 300w, https:\/\/www.atelier21peinture.fr\/wp-content\/uploads\/2024\/01\/0a46a0e1bc81a960d3f5aa4fd4566bbd-768x581.jpg 768w, https:\/\/www.atelier21peinture.fr\/wp-content\/uploads\/2024\/01\/0a46a0e1bc81a960d3f5aa4fd4566bbd-1536x1161.jpg 1536w, https:\/\/www.atelier21peinture.fr\/wp-content\/uploads\/2024\/01\/0a46a0e1bc81a960d3f5aa4fd4566bbd.jpg 1894w\" sizes=\"auto, (max-width: 1024px) 100vw, 1024px\" \/><\/figure>\n<\/div>\n\n\n\n<div class=\"wp-block-column is-layout-flow wp-block-column-is-layout-flow\">\n<figure class=\"wp-block-image aligncenter size-large\"><img loading=\"lazy\" decoding=\"async\" width=\"1024\" height=\"765\" src=\"http:\/\/errcojo.cluster029.hosting.ovh.net\/wp-content\/uploads\/2024\/01\/e5b2530e7c8f121cc5ded7cb8d4f1499-1024x765.jpg\" alt=\"\" class=\"wp-image-198\" srcset=\"https:\/\/www.atelier21peinture.fr\/wp-content\/uploads\/2024\/01\/e5b2530e7c8f121cc5ded7cb8d4f1499-1024x765.jpg 1024w, https:\/\/www.atelier21peinture.fr\/wp-content\/uploads\/2024\/01\/e5b2530e7c8f121cc5ded7cb8d4f1499-300x224.jpg 300w, https:\/\/www.atelier21peinture.fr\/wp-content\/uploads\/2024\/01\/e5b2530e7c8f121cc5ded7cb8d4f1499-768x573.jpg 768w, https:\/\/www.atelier21peinture.fr\/wp-content\/uploads\/2024\/01\/e5b2530e7c8f121cc5ded7cb8d4f1499-1536x1147.jpg 1536w, https:\/\/www.atelier21peinture.fr\/wp-content\/uploads\/2024\/01\/e5b2530e7c8f121cc5ded7cb8d4f1499.jpg 1899w\" sizes=\"auto, (max-width: 1024px) 100vw, 1024px\" \/><\/figure>\n<\/div>\n<\/div>\n\n\n\n<div class=\"wp-block-columns alignwide is-layout-flex wp-container-core-columns-is-layout-28f84493 wp-block-columns-is-layout-flex\">\n<div class=\"wp-block-column is-layout-flow wp-block-column-is-layout-flow\">\n<p><\/p>\n\n\n\n<p><\/p>\n\n\n\n<p><strong>Ou bien on discute, on \u00e9change des id\u00e9es, et s&rsquo;il vous pla\u00eet, parfois m\u00eame avec un air tr\u00e8s s\u00e9rieux<\/strong><\/p>\n<\/div>\n\n\n\n<div class=\"wp-block-column is-layout-flow wp-block-column-is-layout-flow\">\n<figure class=\"wp-block-image size-large\"><img loading=\"lazy\" decoding=\"async\" width=\"1024\" height=\"857\" src=\"http:\/\/errcojo.cluster029.hosting.ovh.net\/wp-content\/uploads\/2024\/01\/a9f63b186ddd22c1835f9eea9838c3bb-1024x857.jpg\" alt=\"\" class=\"wp-image-145\" srcset=\"https:\/\/www.atelier21peinture.fr\/wp-content\/uploads\/2024\/01\/a9f63b186ddd22c1835f9eea9838c3bb-1024x857.jpg 1024w, https:\/\/www.atelier21peinture.fr\/wp-content\/uploads\/2024\/01\/a9f63b186ddd22c1835f9eea9838c3bb-300x251.jpg 300w, https:\/\/www.atelier21peinture.fr\/wp-content\/uploads\/2024\/01\/a9f63b186ddd22c1835f9eea9838c3bb-768x643.jpg 768w, https:\/\/www.atelier21peinture.fr\/wp-content\/uploads\/2024\/01\/a9f63b186ddd22c1835f9eea9838c3bb.jpg 1338w\" sizes=\"auto, (max-width: 1024px) 100vw, 1024px\" \/><\/figure>\n<\/div>\n<\/div>\n\n\n\n<div class=\"wp-block-columns alignwide is-layout-flex wp-container-core-columns-is-layout-28f84493 wp-block-columns-is-layout-flex\">\n<div class=\"wp-block-column is-layout-flow wp-block-column-is-layout-flow\">\n<p><\/p>\n\n\n\n<p><strong>Cela n&#8217;emp\u00eache pas, le plus souvent, de rigoler.<\/strong><\/p>\n<\/div>\n<\/div>\n\n\n\n<div class=\"wp-block-columns alignwide is-layout-flex wp-container-core-columns-is-layout-28f84493 wp-block-columns-is-layout-flex\">\n<div class=\"wp-block-column is-layout-flow wp-block-column-is-layout-flow\">\n<figure class=\"wp-block-image size-large\"><img loading=\"lazy\" decoding=\"async\" width=\"985\" height=\"1024\" src=\"http:\/\/errcojo.cluster029.hosting.ovh.net\/wp-content\/uploads\/2024\/01\/c0fa25f1739a3b8c12649eb42148dbdd-985x1024.jpg\" alt=\"\" class=\"wp-image-170\" srcset=\"https:\/\/www.atelier21peinture.fr\/wp-content\/uploads\/2024\/01\/c0fa25f1739a3b8c12649eb42148dbdd-985x1024.jpg 985w, https:\/\/www.atelier21peinture.fr\/wp-content\/uploads\/2024\/01\/c0fa25f1739a3b8c12649eb42148dbdd-288x300.jpg 288w, https:\/\/www.atelier21peinture.fr\/wp-content\/uploads\/2024\/01\/c0fa25f1739a3b8c12649eb42148dbdd-768x799.jpg 768w, https:\/\/www.atelier21peinture.fr\/wp-content\/uploads\/2024\/01\/c0fa25f1739a3b8c12649eb42148dbdd.jpg 1100w\" sizes=\"auto, (max-width: 985px) 100vw, 985px\" \/><\/figure>\n\n\n\n<div class=\"wp-block-columns is-layout-flex wp-container-core-columns-is-layout-28f84493 wp-block-columns-is-layout-flex\">\n<div class=\"wp-block-column is-layout-flow wp-block-column-is-layout-flow\"><\/div>\n\n\n\n<div class=\"wp-block-column is-layout-flow wp-block-column-is-layout-flow\"><\/div>\n\n\n\n<div class=\"wp-block-column is-layout-flow wp-block-column-is-layout-flow\"><\/div>\n<\/div>\n<\/div>\n\n\n\n<div class=\"wp-block-column is-layout-flow wp-block-column-is-layout-flow\">\n<figure class=\"wp-block-image size-large\"><img loading=\"lazy\" decoding=\"async\" width=\"768\" height=\"1024\" src=\"http:\/\/errcojo.cluster029.hosting.ovh.net\/wp-content\/uploads\/2024\/03\/01-768x1024.jpg\" alt=\"\" class=\"wp-image-433\" srcset=\"https:\/\/www.atelier21peinture.fr\/wp-content\/uploads\/2024\/03\/01-768x1024.jpg 768w, https:\/\/www.atelier21peinture.fr\/wp-content\/uploads\/2024\/03\/01-225x300.jpg 225w, https:\/\/www.atelier21peinture.fr\/wp-content\/uploads\/2024\/03\/01-1152x1536.jpg 1152w, https:\/\/www.atelier21peinture.fr\/wp-content\/uploads\/2024\/03\/01.jpg 1458w\" sizes=\"auto, (max-width: 768px) 100vw, 768px\" \/><\/figure>\n<\/div>\n<\/div>\n\n\n\n<p><strong> <\/strong><\/p>\n\n\n\n<div class=\"wp-block-columns alignwide is-layout-flex wp-container-core-columns-is-layout-28f84493 wp-block-columns-is-layout-flex\">\n<div class=\"wp-block-column is-layout-flow wp-block-column-is-layout-flow\">\n<p><strong>Et tout \u00e7a dans une ambiance d\u00e9tendue, soit \u00e0 l&rsquo;aide d&rsquo;un fond musical zen, de jazz ou de chansons du moment&#8230; et aussi d&rsquo;une pause caf\u00e9 \/ th\u00e9 obligatoire<\/strong><\/p>\n<\/div>\n<\/div>\n\n\n\n<div class=\"wp-block-columns is-layout-flex wp-container-core-columns-is-layout-28f84493 wp-block-columns-is-layout-flex\">\n<div class=\"wp-block-column is-vertically-aligned-stretch is-layout-flow wp-block-column-is-layout-flow\" style=\"flex-basis:100%\">\n<div class=\"wp-block-columns is-layout-flex wp-container-core-columns-is-layout-28f84493 wp-block-columns-is-layout-flex\">\n<div class=\"wp-block-column is-layout-flow wp-block-column-is-layout-flow\" style=\"flex-basis:100%\">\n<div class=\"wp-block-columns is-layout-flex wp-container-core-columns-is-layout-28f84493 wp-block-columns-is-layout-flex\">\n<div class=\"wp-block-column is-layout-flow wp-block-column-is-layout-flow\" style=\"flex-basis:100%\">\n<details class=\"wp-block-details is-layout-flow wp-block-details-is-layout-flow\"><summary><\/summary>\n<div class=\"wp-block-columns is-layout-flex wp-container-core-columns-is-layout-28f84493 wp-block-columns-is-layout-flex\">\n<div class=\"wp-block-column is-layout-flow wp-block-column-is-layout-flow\" style=\"flex-basis:100%\"><\/div>\n<\/div>\n<\/details>\n<\/div>\n<\/div>\n<\/div>\n<\/div>\n<\/div>\n<\/div>\n\n\n\n<div class=\"wp-block-columns alignwide is-layout-flex wp-container-core-columns-is-layout-28f84493 wp-block-columns-is-layout-flex\">\n<div class=\"wp-block-column is-layout-flow wp-block-column-is-layout-flow\"><\/div>\n\n\n\n<div class=\"wp-block-column is-layout-flow wp-block-column-is-layout-flow\"><\/div>\n<\/div>\n\n\n\n<div class=\"wp-block-columns alignwide is-layout-flex wp-container-core-columns-is-layout-28f84493 wp-block-columns-is-layout-flex\">\n<div class=\"wp-block-column is-layout-flow wp-block-column-is-layout-flow\">\n<figure class=\"wp-block-image size-large\"><img loading=\"lazy\" decoding=\"async\" width=\"1024\" height=\"760\" src=\"http:\/\/errcojo.cluster029.hosting.ovh.net\/wp-content\/uploads\/2024\/01\/8739cb915045d74e51a29a62b04191d6-1024x760.jpg\" alt=\"\" class=\"wp-image-123\" srcset=\"https:\/\/www.atelier21peinture.fr\/wp-content\/uploads\/2024\/01\/8739cb915045d74e51a29a62b04191d6-1024x760.jpg 1024w, https:\/\/www.atelier21peinture.fr\/wp-content\/uploads\/2024\/01\/8739cb915045d74e51a29a62b04191d6-300x223.jpg 300w, https:\/\/www.atelier21peinture.fr\/wp-content\/uploads\/2024\/01\/8739cb915045d74e51a29a62b04191d6-768x570.jpg 768w, https:\/\/www.atelier21peinture.fr\/wp-content\/uploads\/2024\/01\/8739cb915045d74e51a29a62b04191d6-1536x1140.jpg 1536w, https:\/\/www.atelier21peinture.fr\/wp-content\/uploads\/2024\/01\/8739cb915045d74e51a29a62b04191d6.jpg 1899w\" sizes=\"auto, (max-width: 1024px) 100vw, 1024px\" \/><\/figure>\n<\/div>\n<\/div>\n\n\n\n<div class=\"wp-block-columns alignwide is-layout-flex wp-container-core-columns-is-layout-28f84493 wp-block-columns-is-layout-flex\"><\/div>\n\n\n\n<div class=\"wp-block-columns alignwide is-layout-flex wp-container-core-columns-is-layout-28f84493 wp-block-columns-is-layout-flex\">\n<div class=\"wp-block-column is-layout-flow wp-block-column-is-layout-flow\">\n<p><\/p>\n\n\n\n<p><strong>Si cette pr\u00e9sentation vous a plu, reportez-vous via le menu aux pages correspondant \u00e0 chaque artiste.<\/strong><\/p>\n\n\n\n<p><strong>Et si vous \u00eates tent\u00e9(\u00e9) par nos activit\u00e9s, prenez contact avec nous :<\/strong><\/p>\n<\/div>\n<\/div>\n\n\n\n<div class=\"wp-block-columns alignwide is-layout-flex wp-container-core-columns-is-layout-28f84493 wp-block-columns-is-layout-flex\">\n<div class=\"wp-block-column is-layout-flow wp-block-column-is-layout-flow\">\n<figure class=\"wp-block-image size-large\"><img loading=\"lazy\" decoding=\"async\" width=\"1024\" height=\"500\" src=\"http:\/\/errcojo.cluster029.hosting.ovh.net\/wp-content\/uploads\/2024\/01\/f5fa0aedfe1de6956a41ddbe502fb72c-1024x500.jpg\" alt=\"\" class=\"wp-image-210\" srcset=\"https:\/\/www.atelier21peinture.fr\/wp-content\/uploads\/2024\/01\/f5fa0aedfe1de6956a41ddbe502fb72c-1024x500.jpg 1024w, https:\/\/www.atelier21peinture.fr\/wp-content\/uploads\/2024\/01\/f5fa0aedfe1de6956a41ddbe502fb72c-300x146.jpg 300w, https:\/\/www.atelier21peinture.fr\/wp-content\/uploads\/2024\/01\/f5fa0aedfe1de6956a41ddbe502fb72c-768x375.jpg 768w, https:\/\/www.atelier21peinture.fr\/wp-content\/uploads\/2024\/01\/f5fa0aedfe1de6956a41ddbe502fb72c-1536x749.jpg 1536w, https:\/\/www.atelier21peinture.fr\/wp-content\/uploads\/2024\/01\/f5fa0aedfe1de6956a41ddbe502fb72c.jpg 1898w\" sizes=\"auto, (max-width: 1024px) 100vw, 1024px\" \/><\/figure>\n<\/div>\n<\/div>\n\n\n\n<div class=\"wp-block-columns alignwide is-layout-flex wp-container-core-columns-is-layout-28f84493 wp-block-columns-is-layout-flex\">\n<div class=\"wp-block-column is-layout-flow wp-block-column-is-layout-flow\">\n<figure class=\"wp-block-image size-large\"><img loading=\"lazy\" decoding=\"async\" width=\"1024\" height=\"495\" src=\"http:\/\/errcojo.cluster029.hosting.ovh.net\/wp-content\/uploads\/2024\/03\/flyer-recto-1024x495.jpg\" alt=\"\" class=\"wp-image-441\" srcset=\"https:\/\/www.atelier21peinture.fr\/wp-content\/uploads\/2024\/03\/flyer-recto-1024x495.jpg 1024w, https:\/\/www.atelier21peinture.fr\/wp-content\/uploads\/2024\/03\/flyer-recto-300x145.jpg 300w, https:\/\/www.atelier21peinture.fr\/wp-content\/uploads\/2024\/03\/flyer-recto-768x371.jpg 768w, https:\/\/www.atelier21peinture.fr\/wp-content\/uploads\/2024\/03\/flyer-recto-1536x742.jpg 1536w, https:\/\/www.atelier21peinture.fr\/wp-content\/uploads\/2024\/03\/flyer-recto-2048x990.jpg 2048w\" sizes=\"auto, (max-width: 1024px) 100vw, 1024px\" \/><\/figure>\n<\/div>\n<\/div>\n\n\n\n<div class=\"wp-block-columns is-layout-flex wp-container-core-columns-is-layout-28f84493 wp-block-columns-is-layout-flex\">\n<div class=\"wp-block-column is-layout-flow wp-block-column-is-layout-flow\"><\/div>\n<\/div>\n\n\n\n<div class=\"wp-block-columns is-layout-flex wp-container-core-columns-is-layout-28f84493 wp-block-columns-is-layout-flex\">\n<div class=\"wp-block-column is-layout-flow wp-block-column-is-layout-flow\">\n<p class=\"has-text-align-right\"><a href=\"mailto:cl.robinfontaine@gmail.com\" data-type=\"mailto\" data-id=\"mailto:cl.robinfontaine@gmail.com\">Pour nous contacter : Cliquer ici !<\/a><\/p>\n<\/div>\n<\/div>\n\n\n\n<div class=\"wp-block-columns is-layout-flex wp-container-core-columns-is-layout-28f84493 wp-block-columns-is-layout-flex\">\n<div class=\"wp-block-column is-layout-flow wp-block-column-is-layout-flow\"><\/div>\n\n\n\n<div class=\"wp-block-column is-layout-flow wp-block-column-is-layout-flow\"><\/div>\n<\/div>\n\n\n\n<div class=\"wp-block-columns is-layout-flex wp-container-core-columns-is-layout-28f84493 wp-block-columns-is-layout-flex\">\n<div class=\"wp-block-column is-layout-flow wp-block-column-is-layout-flow\"><\/div>\n\n\n\n<div class=\"wp-block-column is-layout-flow wp-block-column-is-layout-flow\"><\/div>\n\n\n\n<div class=\"wp-block-column is-layout-flow wp-block-column-is-layout-flow\"><\/div>\n<\/div>\n","protected":false},"excerpt":{"rendered":"<p>Qui n\u2019a pas eu, une fois au moins, envie de reproduire par le dessin ou la peinture un paysage, un souvenir, une \u00e9motion&#8230; ou laisser libre cours \u00e0 son imagination. Pour beaucoup, prendre un crayon, un pinceau avec quelques couleurs, satisfaire cette envie, consiste depuis l&rsquo;enfance en un agr\u00e9able passe-temps. Mais est-ce juste cela ? [&hellip;]<\/p>\n","protected":false},"author":1,"featured_media":0,"parent":0,"menu_order":0,"comment_status":"closed","ping_status":"closed","template":"","meta":{"footnotes":""},"class_list":["post-253","page","type-page","status-publish","hentry"],"_links":{"self":[{"href":"https:\/\/www.atelier21peinture.fr\/index.php\/wp-json\/wp\/v2\/pages\/253","targetHints":{"allow":["GET"]}}],"collection":[{"href":"https:\/\/www.atelier21peinture.fr\/index.php\/wp-json\/wp\/v2\/pages"}],"about":[{"href":"https:\/\/www.atelier21peinture.fr\/index.php\/wp-json\/wp\/v2\/types\/page"}],"author":[{"embeddable":true,"href":"https:\/\/www.atelier21peinture.fr\/index.php\/wp-json\/wp\/v2\/users\/1"}],"replies":[{"embeddable":true,"href":"https:\/\/www.atelier21peinture.fr\/index.php\/wp-json\/wp\/v2\/comments?post=253"}],"version-history":[{"count":43,"href":"https:\/\/www.atelier21peinture.fr\/index.php\/wp-json\/wp\/v2\/pages\/253\/revisions"}],"predecessor-version":[{"id":1207,"href":"https:\/\/www.atelier21peinture.fr\/index.php\/wp-json\/wp\/v2\/pages\/253\/revisions\/1207"}],"wp:attachment":[{"href":"https:\/\/www.atelier21peinture.fr\/index.php\/wp-json\/wp\/v2\/media?parent=253"}],"curies":[{"name":"wp","href":"https:\/\/api.w.org\/{rel}","templated":true}]}}